highest common factor of 861 and 17535.
21
Calculate the highest common divisor of 896 and 588.
28
Calculate the greatest common factor of 330 and 121755.
15
What is the highest common divisor of 1736 and 1924139?
217
What is the greatest common factor of 3290 and 5593?
329
What is the highest common divisor of 14164 and 8?
4
Calculate the greatest common factor of 125726 and 148.
74
Calculate the highest common divisor of 114 and 148998.
114
Calculate the highest common factor of 39 and 807.
3
Calculate the greatest common factor of 1688 and 472.
8
What is the greatest common divisor of 4178640 and 80?
80
Calculate the greatest common factor of 123 and 51.
3
What is the highest common factor of 628 and 141457?
157
Calculate the highest common divisor of 291 and 695199.
291
What is the greatest common factor of 26642 and 2310?
154
What is the highest common factor of 2392 and 2553?
23
Calculate the greatest common divisor of 11648 and 240604.
364
Calculate the greatest common factor of 720 and 2736.
144
Calculate the greatest common factor of 78693 and 408.
51
What is the greatest common divisor of 14982 and 4540?
454
Calculate the greatest common divisor of 4902 and 28767.
129
Calculate the greatest common factor of 24 and 458364.
12
Calculate the highest common divisor of 208 and 3601.
13
What is the highest common factor of 1320 and 229702?
22
Calculate the greatest common factor of 5690 and 45.
5
Calculate the highest common divisor of 448 and 5584.
16
What is the highest common divisor of 470 and 1090?
10
What is the highest common factor of 120 and 837210?
30
Calculate the highest common factor of 35 and 1281.
7
Calculate the highest common divisor of 340 and 13396.
68
Calculate the greatest common divisor of 76 and 50198.
38
Calculate the greatest common divisor of 36 and 6390.
18
What is the highest common divisor of 162 and 253530?
162
What is the highest common factor of 472593 and 2?
1
Calculate the greatest common factor of 34 and 88859.
17
What is the highest common factor of 308 and 288772?
44
What is the highest common factor of 5122 and 286?
26
What is the greatest common factor of 12924 and 24?
12
Calculate the greatest common factor of 74 and 2348908.
74
What is the greatest common factor of 230 and 406170?
10
What is the greatest common divisor of 378534 and 117?
39
Calculate the greatest common factor of 969 and 36499.
323
Calculate the greatest common divisor of 25146 and 3663.
99
What is the greatest common factor of 14772336 and 482?
482
What is the highest common divisor of 26999 and 609?
203
What is the greatest common factor of 2310 and 10230?
330
What is the greatest common factor of 227799 and 55?
11
What is the greatest common factor of 2190 and 747520?
730
Calculate the highest common divisor of 46 and 5518666.
46
What is the highest common divisor of 1910 and 166934?
382
What is the highest common divisor of 2274 and 2497989?
1137
Calculate the highest common factor of 1232796 and 24.
12
Calculate the highest common divisor of 194944 and 128.
128
Calculate the greatest common divisor of 122636 and 516.
172
Calculate the highest common divisor of 689 and 1781.
13
What is the greatest common factor of 99 and 125763?
33
What is the highest common factor of 2831912 and 1064?
152
What is the greatest common divisor of 13 and 127?
1
What is the greatest common divisor of 1620 and 137295?
405
Calculate the highest common divisor of 25331 and 803.
73
Calculate the highest common factor of 702042 and 22.
22
Calculate the greatest common divisor of 55048 and 111079.
983
Calculate the greatest common factor of 24998 and 61202.
862
What is the greatest common factor of 1175 and 50?
25
Calculate the greatest common factor of 1824 and 31692.
228
What is the highest common factor of 207 and 8901?
207
Calculate the greatest common factor of 2244 and 27456.
132
Calculate the greatest common divisor of 262 and 421951.
131
What is the highest common factor of 33 and 72303?
33
Calculate the highest common factor of 1196 and 31280.
92
Calculate the highest common factor of 69 and 36.
3
What is the greatest common divisor of 152 and 2033?
19
What is the highest common factor of 344 and 12427?
43
What is the greatest common divisor of 2084647 and 794?
397
Calculate the greatest common divisor of 1225 and 1127.
49
Calculate the highest common factor of 30929 and 5181.
157
Calculate the greatest common divisor of 551190 and 570.
570
What is the greatest common factor of 46500 and 93?
93
Calculate the greatest common divisor of 1701 and 21357.
189
Calculate the greatest common factor of 21862 and 68.
34
Calculate the highest common factor of 1070 and 44298.
214
What is the highest common divisor of 13248 and 2232?
72
Calculate the greatest common divisor of 4095 and 360.
45
What is the highest common divisor of 2990 and 57395?
65
Calculate the greatest common factor of 31 and 109337.
31
Calculate the highest common factor of 22046 and 2774.
146
Calculate the highest common divisor of 166 and 64159.
83
Calculate the greatest common factor of 741 and 19643.
13
What is the highest common factor of 2595 and 30?
15
What is the greatest common divisor of 152 and 40204?
76
Calculate the highest common divisor of 770 and 2170.
70
Calculate the greatest common factor of 1636876 and 137.
137
What is the highest common factor of 136345 and 67?
67
What is the highest common factor of 125 and 29675?
25
What is the highest common factor of 17368 and 32398?
334
Calculate the highest common divisor of 15444 and 35964.
108
What is the greatest common factor of 47828 and 88?
44
What is the greatest common factor of 75622 and 2?
2
What is the highest common divisor of 763 and 1419943?
763
What is the greatest common factor of 5275 and 7325?
25
What is the greatest common divisor of 1222 and 51818?
26
What is the greatest common divisor of 3492 and 20?
4
What is the highest common divisor of 10 and 157330?
10
What is the highest common factor of 186 and 898070?
62
Calculate the greatest common factor of 318710 and 1218.
406
What is the greatest common divisor of 520 and 785?
5
What is the highest common divisor of 69 and 861189?
69
What is the highest common factor of 3 and 566596?
1
What is the greatest common divisor of 915 and 6527?
61
Calculate the highest common factor of 300 and 658425.
75
What is the highest common divisor of 45 and 11349?
9
What is the greatest common factor of 117368 and 289?
17
Calculate the greatest common factor of 345865 and 626.
313
Calculate the highest common factor of 153 and 1845.
9
What is the highest common divisor of 448536 and 165?
33
Calculate the highest common divisor of 67038 and 3.
3
What is the highest common divisor of 40 and 5470?
10
Calculate the greatest common factor of 1197 and 42522.
57
Calculate the greatest common factor of 25311 and 32175.
429
Calculate the highest common divisor of 120687 and 42.
21
What is the highest common factor of 5933 and 43974?
349
Calculate the highest common factor of 81 and 86175.
9
Calculate the highest common factor of 224 and 559528.
8
What is the greatest common divisor of 14430 and 6?
6
What is the greatest common divisor of 20538 and 8313?
489
Calculate the highest common factor of 1749043 and 309.
103
Calculate the highest common divisor of 5456 and 4400.
176
What is the highest common factor of 1368 and 8721?
171
Calculate the highest common factor of 687648 and 114.
114
Calculate the greatest common factor of 155277 and 486.
243
What is the greatest common factor of 22 and 16907?
11
Calculate the greatest common divisor of 664 and 324.
4
What is the highest common factor of 1773962 and 4?
2
Calculate the highest common divisor of 41 and 129929.
41
Calculate the greatest common factor of 2695 and 158015.
55
What is the highest common divisor of 27811 and 10237?
29
What is the greatest common factor of 435 and 1552863?
87
Calculate the greatest common factor of 73 and 110303.
73
What is the highest common factor of 16 and 123056?
16
Calculate the greatest common factor of 96 and 97568.
32
What is the highest common factor of 375241 and 17?
17
Calculate the greatest common factor of 365 and 26791.
73
Calculate the highest common divisor of 45 and 73053.
9
What is th